t*y - 52 = y + 2*q, -112 = -4*y + 2*q. Calculate the highest common factor of y and 20.
10
Suppose l - 6 = -l. Suppose u + l*p = 10 + 19, -2*u + 78 = 2*p. Let n be -3*2/(-12)*22. Calculate the highest common divisor of u and n.
11
Let o(k) = 22*k + 6. Let v be o(6). Let h = 471 + -379. What is the greatest common factor of h and v?
46
Suppose 0 = s + 5. Let k(q) = -2*q + 26. Let i be k(s). What is the highest common factor of i and 54?
18
Let q = 451 + 674. Let j be (-2)/4 + q/(-30). Let t be (-4)/j - 5955/(-285). What is the greatest common factor of t and 14?
7
Let r = -79 + 84. Suppose -770 = -10*n + r*n. Let s be 174/8 - (-1)/4. What is the highest common divisor of n and s?
22
Suppose -5*t = -4*d + 12 - 32, -2*d = 0. Let m = -2 - -6. What is the highest common divisor of m and t?
4
Suppose 51 = 2*u - 1. Let z = -11 + u. What is the highest common factor of 120 and z?
15
Let m = -18 + 26. Suppose m*k - 58 + 10 = 0. Let z(w) = -w**3 + 4*w**2 + 6*w + 1. Let u be z(5). What is the highest common divisor of u and k?
6
Let i = -32 - -36. Suppose -i*j + 75 = -85. What is the highest common divisor of 5 and j?
5
Let p(h) = 13*h**3 - h**2. Let l be p(1). Let x be 6*3/(-24)*-4. What is the highest common factor of x and l?
3
Suppose 16 = -5*z - 44. Let y be (-358)/z + 2/12. What is the greatest common factor of y and 75?
15
Suppose 4 = n + 1. Let m(c) = -c**3 - 17*c**2 - 2*c - 10. Let x(q) = -q**2 - 1. Let b be x(4). Let o be m(b). Calculate the greatest common factor of o and n.
3
Let n be 23 - (4 - 6/3). Let o = -2 + 0. Let p be ((-1)/o)/(14/392). What is the greatest common divisor of p and n?
7
Let r = -46 + 13. Let h = 71 + r. Let q = 53 - h. Calculate the greatest common divisor of q and 105.
15
Let k = 501 + -491. What is the greatest common factor of k and 5?
5
Let v be ((22*7)/(-2))/(-1). Suppose 0*b + 4*b = 28. Calculate the highest common divisor of v and b.
7
Let c = 3358 - 3321. Suppose 5*j + 29 = w - 28, j + 41 = w. Calculate the greatest common factor of w and c.
37
Suppose -l = -4*p + 31, -3*p + 31 = 3*l + 4. Let m be 762/p + 2/(-8). What is the highest common factor of m and 19?
19
Suppose 20*t - 1052 = -52. What is the highest common divisor of t and 550?
50
Suppose -1447 + 4407 = 10*p. Calculate the greatest common divisor of p and 8.
8
Suppose 2*l + l - k - 136 = 0, 5*k = -l + 56. Suppose -5*p = -2*c - 24, -15*p + 19*p = 5*c + 43. What is the highest common factor of p and l?
2
Suppose -12*w - 70 = -166. Let v(z) = -z**3 + 7*z**2 + 12*z - 19. Let g be v(w). Calculate the greatest common factor of 117 and g.
13
Suppose -14 = h + 31. Let x = -9 - h. Calculate the highest common divisor of 108 and x.
36
Suppose 6*a = 189 - 477. Let i = 52 + a. Suppose -p + 13 = -3. What is the highest common divisor of i and p?
4
Let f = -161 + 237. What is the greatest common factor of f and 76?
76
Let w = 107 - 33. Let q be (w + 2 + -6)/2. Calculate the highest common divisor of q and 385.
35
Let m be 3/(-6) + (-1)/2. Let v be m + (-3)/(0 + -1). Suppose -4 = -v*w, 2*s + 3*w - 5*w = 0. What is the highest common divisor of 5 and s?
1
Let g = 679 - 674. What is the greatest common divisor of 13 and g?
1
Let p = -185 - -644. Let m be 3/(-2) - p/(-18). What is the highest common factor of m and 6?
6
Suppose -98*c - 884 = -102*c. What is the highest common factor of c and 65?
13
Let a be ((-28)/(-4))/(-1 - -2). Let o be 1/4 - 2224/(-64). Let z = o - 28. What is the highest common factor of z and a?
7
Let a be (-1)/(0 - (-2)/6). Let z = 10 + a. Suppose 12*c - 245 = 7*c. Calculate the greatest common divisor of c and z.
7
Let f = -45 - -22. Let c(n) = -6*n - 50. Let x be c(f). What is the greatest common divisor of 8 and x?
8
Let m be 9/(-12)*4*-1. Let d be 2/3*m + 17. Suppose -6*j - 30 = -144. Calculate the greatest common factor of d and j.
19
Let b be (-12*(-8)/12)/(1*2). Suppose -b + 0 = -h. Calculate the greatest common divisor of 44 and h.
4
Let o = 337 - 201. What is the highest common divisor of 72 and o?
8
Let z = 2229 + -2199. Calculate the greatest common divisor of 795 and z.
15
Let b(t) = -t**3 - 13*t**2 - 12*t + 7. Let z = -40 + 28. Let r be b(z). Calculate the highest common factor of r and 49.
7
Let c be 2 + 0 - (-12 - -12). Suppose -8 = -n - 0*d + 3*d, 2*d + 12 = c*n. Calculate the greatest common factor of 20 and n.
5
Let q = 49 - 10. Suppose -2 - 4 = -2*i. Suppose -4*m - i*c = -q, -m + 2*c - 6*c = 0. Calculate the highest common divisor of 108 and m.
12
Let k(u) = 47*u**2 - u. Let s be k(-1). Suppose 0 = -8*d + 11*d - s. Suppose 0 = 11*v - d*v + 260. What is the highest common divisor of v and 130?
26
Suppose -7*m = -9*m + 56. Let g = 147 - 7. Calculate the greatest common factor of m and g.
28
Let l be -3 + -35*(-5)/25. What is the highest common divisor of 4 and l?
4
Let m(w) = 3*w + 16. Let q be m(-4). Suppose -2*p - 2*p + y + 108 = 0, -q*p - y + 108 = 0. What is the highest common divisor of p and 9?
9
Let x be ((-28)/(-35))/1*(-250)/(-4). What is the greatest common factor of x and 25?
25
Let p be ((-230)/25 - -10) + 711/5. Calculate the greatest common divisor of 33 and p.
11
Let j(r) = -51*r**3 + 2*r**2 + 3*r. Let f be j(-1). Calculate the highest common factor of 325 and f.
25
Let a(s) = 1 + 0 - 3 + 6*s - 1 - s**2. Let y be a(4). Suppose -2*f - 15 = -2*k + 29, 50 = 3*k + y*f. Calculate the greatest common factor of k and 160.
20
Suppose -k + 552 = -144. Calculate the highest common factor of 24 and k.
24
Let r = 270 - 149. Suppose 0 = 5*q - 4*f - r, 2*f - 16 + 66 = 2*q. What is the highest common divisor of 35 and q?
7
Let x = -5468 + 8005. What is the highest common divisor of x and 43?
43
Let a(t) = t + 15. Let f be a(11). Let z(b) = -b**3 + 2*b**2 - 1. Let v be z(1). Suppose 2*r + 0*r - 130 = v. Calculate the highest common factor of f and r.
13
Suppose -52*n + 48*n = -2*i + 1022, -5*i - 3*n = -2594. Calculate the greatest common divisor of 11 and i.
11
Suppose 20 = -4*k, 6*c - 19 = 4*c + 3*k. Suppose 0 = c*j - 7*j + 275. Suppose -11*h - 176 = -19*h. What is the highest common factor of j and h?
11
Suppose 82 = 22*z - 28. Calculate the highest common factor of 8 and z.
1
Let a(w) = 47*w**3 - w + 2. Let m be a(1). Suppose -m = 4*t - 164. Suppose 4*d = 2*d + 638. What is the highest common divisor of d and t?
29
Let i(k) = 177*k**2 - 1. Let h be i(-1). Let x be (-57)/(-12) + 5*6/120. Suppose -h = 3*c - x*c. What is the highest common divisor of c and 11?
11
Suppose -z = -23 - 1. Suppose 2*g + 8 = -22. Let p be 162/10 - (-3)/g. What is the highest common divisor of z and p?
8
Let c = 1533 + -939. What is the highest common factor of 66 and c?
66
Let k be (4 + -1)*((-1826)/(-66) - -4). Calculate the greatest common divisor of k and 5.
5
Suppose 408 = 4*i - 3*r, r = i - r - 107. What is the highest common divisor of i and 11?
11
Let i(s) = s**3 - 7*s**2 + 6*s - 4. Let m be i(6). Let y(z) = -z**3 - 4*z**2 - 4*z - 4. Let h be y(m). Calculate the greatest common factor of 8 and h.
4
Let a(m) = m**3 - 7*m**2 + 8*m - 4. Let q be a(6). Let z = 24 - 0. What is the greatest common factor of q and z?
8
Let x(f) = -f**2 - 3*f + 5. Let r be x(-6). Let o be (-2233)/22*4/(-7). Let i = o + r. What is the highest common divisor of 5 and i?
5
Let a = -114 + 51. Let w = a - -279. What is the greatest common divisor of 27 and w?
27
Let s(d) = 8*d - 5. Suppose 0 = n - 1, 4*n - 9 = t - 2*t. Let q be s(t). Let v = q - 19. What is the greatest common divisor of v and 16?
16
Let j = -123 + 127. Let b be 3/(9/(-6)) + j - 1. What is the greatest common factor of 7 and b?
1
Suppose -4*j + 24 = 4*v, -v + 4*v = 5*j + 10. Suppose -4*y - v = -1, -3*a + 16 = 5*y. Calculate the highest common factor of 28 and a.
7
Let t(u) = u**3 - 2*u**2 - 44*u + 5. Let l be t(8). What is the highest common factor of l and 629?
37
Suppose 4*z + 4*i = 100, 3*z - 4*z = -4*i. Calculate the greatest common factor of z and 100.
20
Suppose 0 = -4*b - 2*i, 0 = -b + 4*b - 4*i. Suppose b = 6*z - 60 - 90. What is the highest common factor of 275 and z?
25
Let j(y) = -y + 34. Let t be j(14). Calculate the highest common factor of t and 320.
20
Let z(j) = -2*j**3 + 4*j**2 + 4*j - 1. Let q be z(-2). Let u = 32 - q. What is the greatest common divisor of u and 72?
9
Suppose -178 - 92 